r(k) is divided by 33?
25
Let i = 3350 + -3292. What is the remainder when 925 is divided by i?
55
Suppose 0 = -4*y + c - 430, 0 = -5*y + 2*c + c - 541. Let r = y + 205. What is the remainder when r is divided by 26?
20
Let q(m) be the second derivative of m**5/20 + m**4/2 - 29*m**3/6 - 26*m. Suppose 0*c = -3*c + 318. What is the remainder when c is divided by q(-9)?
16
Let k(j) = -7*j - 31. Let t be (-1517)/259 - -6*(-2)/(-14). Calculate the remainder when 6 is divided by k(t).
2
Let c = -2 + 4. Suppose -4*u + 48 = c*u. Let o = 61 - u. Calculate the remainder when o is divided by 14.
11
Let h(x) be the first derivative of 2*x**3/3 + 8*x**2 + 27*x + 148. Calculate the remainder when h(13) is divided by 36.
33
Suppose -8*p = -26 - 30. Suppose 0 = -2*z - k + 24, -1 = -z + 4*k - p. Suppose 75*u - 70*u = z. What is the remainder when 9 is divided by u?
1
Suppose r - 902 = -s, -3*s + 6*s - 2702 = -5*r. What is the remainder when s is divided by 297?
13
Let r(u) = u**2 + 14*u + 15. Let h be r(-13). Let n(w) = 3*w - 14. Let v be n(h). Let j = 8 - v. Calculate the remainder when 205 is divided by j.
13
Let j(q) = -q**2 - 13*q + 30. Let r(w) = 27*w**3 - 4*w**2 + 4*w. What is the remainder when r(2) is divided by j(-13)?
28
Let h(d) be the first derivative of d**3/3 + 5*d**2/2 + 17*d + 10. What is the remainder when 61 is divided by h(-6)?
15
Suppose -22 = -2*m - m - 4*v, -3*m + 3*v = 6. What is the remainder when 0 - 1 - (87/(-3) - m) is divided by 11?
8
Let h = -172 + 174. Suppose -h*z + z = -2*i - 57, 4*z = -5*i + 215. Calculate the remainder when 160 is divided by z.
50
Let v = -307 - -182. Let u = v + 141. What is the remainder when 42 is divided by u?
10
Suppose 5*n - 20760 = -3*x, -91*x + 25 = -96*x. Calculate the remainder when n is divided by 33.
30
Let q(k) = k**2 - 5*k - 15. Let a be q(8). Let g(c) = 2*c + 12. Calculate the remainder when g(a) is divided by 11.
8
Let u(g) = 15*g + 219. Let j be u(-14). Let x(p) = p**2 - 9*p + 48. Calculate the remainder when x(j) is divided by 10.
8
Suppose 0 = -12*t - 16779 + 20871. What is the remainder when t is divided by 76?
37
Suppose -93*u - 816 = -77*u. Let d = u - -137. What is the remainder when d is divided by ((-11)/4)/((-1)/4)?
9
Suppose -79 = -y + 3*a, -3*y - 3*a - 455 = -8*y. Let w = 219 - y. Suppose -111 = -4*j + w. Calculate the remainder when j is divided by 12.
11
Suppose 0 = 2*o + 8, 3*k - 4*o - 240 = -o. Calculate the remainder when k is divided by 7.
6
Suppose 59*q - 60*q = 4*z - 5733, -5*z - 4*q = -7158. What is the remainder when z is divided by 108?
30
Suppose -o = t - 34, 0 = -4*t + o - 3*o + 140. Let b = -838 + 1051. Calculate the remainder when b is divided by t.
33
Let w be (-4)/5*(-6)/(36/255). Suppose -w + 45 = d. What is the remainder when (7/3)/((-2)/(-30)) is divided by d?
2
Let c(t) = -290*t + 1826. What is the remainder when 4554 is divided by c(6)?
82
Suppose 266*l - 296028 - 103992 = 66810. Calculate the remainder when l is divided by 866.
23
Let z(l) = -53*l**3 - l**2 + l + 2. What is the remainder when z(-1) is divided by (21 - 0) + (-4)/4*7?
11
Suppose -4*r + 2*y + 1 = 17, -4*r - 20 = -y. Let q be 6/3 - (-96)/r. Calculate the remainder when 153 is divided by 1 - ((-1)/(-2) - (-427)/q).
29
Let b(u) = u**3 - 8*u**2 - u + 12. Let w be b(7). Let y = w + 332. What is the remainder when y is divided by 73?
69
Suppose 5*i = 1374 - 1374. Let k(q) = -q**3 + q - 3*q**2 + 111 + 2*q**3 + 4*q**2. What is the remainder when k(i) is divided by 28?
27
Suppose -24*t = -5*m - 21*t + 442, -2*m - 4*t + 156 = 0. Calculate the remainder when 406 is divided by m.
62
Calculate the remainder when 3802 is divided by 7 - -1 - (2/(-3))/(70/198765).
0
Let l = -18493 - -20319. What is the remainder when l is divided by 34?
24
Let h(o) = -14*o**2 - 518*o + 20. What is the remainder when 58 is divided by h(-37)?
18
Let q = -102 - -137. Let a(h) be the third derivative of h**5/60 - h**4/24 + 101*h**3/6 - 3*h**2. What is the remainder when a(0) is divided by q?
31
Suppose 250*v - 288148 = -37*v. What is the remainder when v is divided by 28?
24
Let l(u) = u**3 + 5*u**2 - 2*u + 4. Let r = -2180 - -2317. Calculate the remainder when r is divided by l(-5).
11
Let c(y) = y**2 - 74*y + 1136. What is the remainder when c(56) is divided by 42?
2
Suppose 5*u = -5*z + 2645, -3*z - 2081 = -4*u - 0*z. Suppose -u = -2*p + 12. What is the remainder when p is divided by 55?
48
Suppose -2*o + t + 878 = 0, 17*o - 18*o - 4*t = -457. Calculate the remainder when o is divided by 112.
105
Let j(f) = -20*f**2 - 8*f - 14. Let u be j(-2). Let k = -77 - u. What is the remainder when 110 is divided by (-10 + 84)*k/2?
36
Suppose -53*n + 50*n + 15 = 0. Suppose 0 = n*r - 0*x - 5*x - 160, 2*x - 35 = -r. What is the remainder when 194 is divided by r?
29
Let k = 1226 - 1144. Let v(n) = 2*n**2 + 5*n - 8. Let m be v(-6). Let o = -13 + m. Calculate the remainder when k is divided by o.
19
Let d = 28496 + -27630. What is the remainder when d is divided by 158?
76
Suppose 4*r = -5*h + 6*h - 8, -5*h = 3*r - 155. Suppose -12 = 8*q - h. What is the remainder when 1/((4/(-324))/(-1)) - q is divided by 40?
39
Suppose 15*i = 48*i - 693. What is the remainder when -18*(126/4)/(-7) is divided by i?
18
Suppose -429 = -4*h + 3*y, 3*h + 2*h - 538 = 2*y. Let m(x) = -23*x - 6*x + 0 - 1. What is the remainder when h is divided by m(-1)?
24
Let g(j) = 99*j - 3366. Calculate the remainder when 1023 is divided by g(39).
33
Let h = 454 + -453. What is the remainder when 103 - (-72)/48*2*h is divided by 37?
32
What is the remainder when 345 is divided by (27/6 - 4)*(6 + 146)?
41
Let w be (0 + -18 + 4)*(-495)/22. Let r = w - 191. What is the remainder when r is divided by (15 + 1)/(1/2)?
28
Let t be (333/(-18))/((-2)/4). Let s = t - 16. Suppose -5*y + 309 = 3*c, -3*y = 4*c - 3*c - 183. What is the remainder when y is divided by s?
18
Let r(f) = 4*f - 13. Let z be r(4). Suppose 0 = 3*t + 4*c - 81, 53 = 5*t + z*c - 93. What is the remainder when t is divided by 34/4*(-2)/(-1)?
14
Let a be (-198)/(-42) - (2 + 32/(-14)). Suppose 2*s - 96 = -5*p, -p + 4*s = a*s - 18. What is the remainder when 78 is divided by p?
18
Suppose 21 - 150 = -43*q. Let g = 36 - 28. Suppose 7 = 3*c - g. Calculate the remainder when c is divided by q.
2
Suppose 4*b - w + 911 - 4146 = 0, -4*w - 3232 = -4*b. What is the remainder when b is divided by 90?
89
Calculate the remainder when 18630 is divided by 442/14 - ((-24)/105 + 60/75).
30
Suppose 2*c + 4*l = -10, -2*c + 3*l = -0*c - 25. Let z = 21 + c. Let s = z + -5. Calculate the remainder when s is divided by 11.
10
Let a(m) = -168*m + 12626. Let b(u) = u**2 + 3*u - 4. Calculate the remainder when b(6) is divided by a(75).
24
Suppose -2*n = 2*o - 636, 0 = -0*n - 3*n - 5*o + 952. Calculate the remainder when 958 is divided by n.
1
Let j be ((-3318)/(-147))/((-1)/(-7)). Suppose 0 = j*g - 146*g - 144. Calculate the remainder when 188 is divided by g.
8
Let j(s) = -s**2 - 10*s + 13. Let d be j(-9). Let p = d + 25. Calculate the remainder when p is divided by 41.
6
Let o = 21 - 6. Calculate the remainder when -12*(50/o)/(-1) is divided by (0 - -4) + (-63)/(-9).
7
Let r = -13 - -27. Let a(f) be the third derivative of f**4/8 - 17*f**3/2 - 20*f**2. What is the remainder when r is divided by a(20)?
5
Let l(y) = -896*y + 8088. Calculate the remainder when 5542 is divided by l(9).
22
Let q = -102 - -80. Let c(p) = -5*p - 85. What is the remainder when 111 is divided by c(q)?
11
Suppose -4*i - 4*p = -124, 5*i - i - 118 = 2*p. Let a = -27 + i. Suppose -3*b + 240 = a*b. What is the remainder when b is divided by 21?
19
Suppose 0 = -3*f - 4*v + 13, -4*v + 24 = -211*f + 215*f. What is the remainder when 1468 is divided by f?
5
Suppose -3*u - r - 1 + 18 = 0, 4*r - 36 = -4*u. Suppose -6*x = -4*x + 3*s - 1, -4*x + 4*s = -12. What is the remainder when 32 is divided by 3 - 1 - -17 - u/x?
15
Let d = -206 + 391. Let j = -175 + d. What is the remainder when 87 is divided by j?
7
Suppose 303*z + 37*z - 852380 = 0. Calculate the remainder when z is divided by 148.
139
Let p(q) = 13*q + 223. What is the remainder when 316 is divided by p(-4)?
145
Let u(l) = 7*l**3 - l**2. Let s = 54 - 52. Suppose -38 + 108 = 5*b. What is the remainder when u(s) is divided 